{"id":1804,"date":"2022-04-27T10:23:40","date_gmt":"2022-04-27T10:23:40","guid":{"rendered":"https:\/\/mariabrun.fr\/?page_id=1804"},"modified":"2022-05-12T13:24:59","modified_gmt":"2022-05-12T13:24:59","slug":"mes-engagements","status":"publish","type":"page","link":"https:\/\/mariabrun.fr\/?page_id=1804","title":{"rendered":"Mes engagements"},"content":{"rendered":"\t\t<div data-elementor-type=\"wp-page\" data-elementor-id=\"1804\" class=\"elementor elementor-1804\">\n\t\t\t\t\t\t<section class=\"elementor-section elementor-top-section elementor-element elementor-element-9d2cd13 elementor-section-boxed elementor-section-height-default elementor-section-height-default\" data-id=\"9d2cd13\" data-element_type=\"section\">\n\t\t\t\t\t\t<div class=\"elementor-container elementor-column-gap-default\">\n\t\t\t\t\t<div class=\"elementor-column elementor-col-100 elementor-top-column elementor-element elementor-element-7ea8414\" data-id=\"7ea8414\" data-element_type=\"column\">\n\t\t\t<div class=\"elementor-widget-wrap elementor-element-populated\">\n\t\t\t\t\t\t<div class=\"elementor-element elementor-element-67e0397 elementor-widget elementor-widget-text-editor\" data-id=\"67e0397\" data-element_type=\"widget\" data-widget_type=\"text-editor.default\">\n\t\t\t\t<div class=\"elementor-widget-container\">\n\t\t\t\t\t\t\t\t\t<ul><li><span style=\"color: #2e6bff;\"><b>Mes engagements <\/b><\/span><\/li><\/ul><p>Je m\u2019engage \u00e0 mettre en place avec vous une relation qui vous permette d&rsquo;\u00eatre un acteur volontaire et responsable de votre d\u00e9marche, de vous informer de fa\u00e7on claire et pr\u00e9cise sur l\u2019accompagnement VAE, les m\u00e9thodes et les outils utilis\u00e9s, le d\u00e9roulement de la VAE, de vous aider \u00e0 pr\u00e9ciser vos motivations, vos attentes et v\u00e9rifier avec vous l\u2019opportunit\u00e9 de la d\u00e9marche VAE.<\/p><p>Pour cela, mettre en \u0153uvre des m\u00e9thodes et des outils adapt\u00e9s \u00e0 vos objectifs et assurer un nombre suffisant d&rsquo;heures d&rsquo;entretien individuel en pr\u00e9sentiel ou par l\u2019interm\u00e9diaire des Nouvelles Technologies Informatiques de communication (Zoom, Teams,&#8230;) et faciliter l\u2019acc\u00e8s \u00e0 l\u2019information sur les r\u00e9f\u00e9rentiels de comp\u00e9tences (r\u00e9seau, internet, site des certificateurs, RNCP).<\/p><p>M\u00e9thodologie\u00a0: Construction d\u2019un CV d\u00e9taill\u00e9, mise en place d\u2019un r\u00e9tro planning actualis\u00e9 \u00e0 chaque entretien, r\u00e9alisation d\u2019un plan de r\u00e9daction, \u00ab\u00a05 pourquoi\u00a0?\u00a0\u00bb, mise en situation.<\/p><p><span lang=\"EN-US\">Outils\u00a0: PC, Word, Open Office, Zoom, Teams, internet, telephone.<\/span><\/p><p>Et enfin, \u00e0 respecter la r\u00e9glementation relative \u00e0 la d\u00e9marche VAE et notamment la confidentialit\u00e9 des informations communiqu\u00e9es.<\/p><p><span style=\"color: #2e6bff;\"><strong>Charte de d\u00e9ontologie<\/strong><\/span> <\/p><h4 style=\"text-align: center;\">CHARTE \u00ab Maria BRUN \u00bb CONSULTANTE FORMATRICE Experte en VAE<\/h4><p>La pr\u00e9sente charte pr\u00e9cise ma mission, mes valeurs et mes principes p\u00e9dagogiques. Elle sert de r\u00e9f\u00e9rence pour la conception, la r\u00e9alisation et l\u2019\u00e9valuation des formations et accompagnement dans la Validation des Acquis de l\u2019Exp\u00e9rience.<\/p><h5 style=\"text-align: center;\">\u00a0<\/h5><h5 style=\"text-align: center;\"><span style=\"text-decoration: underline;\">Ma mission<\/span><\/h5><p>Contribuer activement au d\u00e9veloppement des comp\u00e9tences des apprenants et les accompagner dans leur projet VAE en les rendant acteurs de leur d\u00e9marche.<\/p><h5 style=\"text-align: center;\">\u00a0<\/h5><h5 style=\"text-align: center;\"><span style=\"text-decoration: underline;\">Mes valeurs<\/span><\/h5><p>Engag\u00e9e dans une d\u00e9marche d\u2019am\u00e9lioration continue de mon organisation et de mes prestations, je m\u2019engage \u00e0 respecter et \u00e0 faire respecter les valeurs suivantes :<\/p><ul><li>Les clients sont au c\u0153ur de toutes les prestations de formation et les services fournis sont en coh\u00e9rence avec les besoins exprim\u00e9s et les objectifs d\u00e9finis ;<\/li><li>Le respect individuel des clients est garanti par le d\u00e9veloppement de relations personnalis\u00e9es, par le respect de la confidentialit\u00e9 des donn\u00e9es et par la primaut\u00e9 octroy\u00e9e aux participants dans toute d\u00e9marche p\u00e9dagogique ;<\/li><li>Les prestations p\u00e9dagogiques et de gestion sont \u00e9valu\u00e9es dans le but d\u2019am\u00e9liorer en permanence la qualit\u00e9 des services ;<\/li><li>Je m\u2019engage \u00e0 d\u00e9velopper une strat\u00e9gie de collaboration vis-\u00e0-vis de mes clients, partenaires et prestataires au sein de l\u2019institution, mais \u00e9galement \u00e0 l\u2019ext\u00e9rieur de celle-ci ;<\/li><li>A d\u00e9velopper l\u2019utilisation des nouvelles technologies pour mon propre management interne, dans le cadre de prestations \u00e0 destination de mes clients, mais \u00e9galement dans les projets de d\u00e9veloppement avec mes partenaires ;<\/li><li>Mon entreprise est g\u00e9r\u00e9e dans un esprit clients-prestataires et dans une perspective de ma\u00eetrise des co\u00fbts ;<\/li><li>Les \u00e9ventuels co animateurs\/trices ou formateurs\/trices sont sp\u00e9cialis\u00e9s en formation continue et en p\u00e9dagogie des adultes : ils r\u00e9pondent avec expertise aux sollicitations des clients et des prestataires ;<\/li><li>La pratique de la recherche et du d\u00e9veloppement de projets en formation continue permet d\u2019adapter les dispositifs de formation \u00e0 l\u2019\u00e9volution des pratiques professionnelles, aux strat\u00e9gies et politiques institutionnelles et aux besoins des clients.<\/li><\/ul><p>Mon objectif est d\u2019\u00e9tablir un cadre prot\u00e9geant les apprenants, les intervenants repr\u00e9sentant la structure, les prescipteurs\/trices ou tiers ayant partie prenante dans la relation formateur\/trice &#8211; apprenant.<\/p><h5 style=\"text-align: center;\">\u00a0<\/h5><h5 style=\"text-align: center;\"><span style=\"text-decoration: underline;\">Mes principes p\u00e9dagogiques<\/span><\/h5><ul><li>Qualit\u00e9<\/li><\/ul><p>Mettre en \u0153uvre des offres de formation en tenant compte des caract\u00e9ristiques de l\u2019adulte apprenant,<br \/>Contribuer \u00e0 la qualit\u00e9 en veillant \u00e0 une utilisation optimale des ressources,<br \/>G\u00e9n\u00e9rer des mesures d\u2019am\u00e9lioration issues des \u00e9valuations.<\/p><ul><li>Recherche et d\u00e9veloppement<\/li><\/ul><p>Encourager la conception de dispositifs et la mise en \u0153uvre de processus innovants,<br \/>Promouvoir les nouvelles technologies,<br \/>Veiller \u00e0 l\u2019\u00e9volution de l\u2019ing\u00e9nierie de formation,<br \/>Promouvoir la recherche dans le domaine de la p\u00e9dagogie et de l\u2019\u00e9ducation des adultes.<\/p><ul><li>Partenariat et r\u00e9seau<\/li><\/ul><p>Construire des r\u00e9f\u00e9rentiels de bonnes pratiques tout en renfor\u00e7ant les synergies interprofessionnelles et interinstitutionnelles,<br \/>Garantir l\u2019expertise et le conseil p\u00e9dagogique au sein de mon r\u00e9seau d\u2019entreprises et en accompagnement personnalis\u00e9.<\/p><ul><li>D\u00e9veloppement de comp\u00e9tences<\/li><\/ul><p>Identifier, analyser et r\u00e9pondre aux besoins de d\u00e9veloppement des comp\u00e9tences des collaborateurs, selon les plans strat\u00e9giques institutionnels, notamment les politiques de gestion des ressources humaines ;<\/p><p>Promouvoir le transfert des acquis dans la pratique professionnelle ;<\/p><p>Accompagner la mobilit\u00e9 professionnelle et optimiser l\u2019employabilit\u00e9 notamment dans le cadre d\u2019une VAE et\/ou d\u2019un retour \u00e0 l\u2019emploi.<\/p><h5 style=\"text-align: center;\">\u00a0<\/h5><h5 style=\"text-align: center;\"><span style=\"text-decoration: underline;\">D\u00e9ontologie et \u00e9thique<\/span><\/h5><p>Pratiquer les r\u00e8gles d\u00e9ontologiques et d\u2019\u00e9thique de la formation, notamment :<\/p><ul><li>L\u2019engagement professionnel ;<\/li><li>Le respect de la confidentialit\u00e9 des donn\u00e9es ;<\/li><li>Le respect des valeurs institutionnelles et individuelles.<\/li><\/ul><h5 style=\"text-align: center;\">\u00a0<\/h5><h5 style=\"text-align: center;\"><span style=\"text-decoration: underline;\">Ma M\u00e9thode<\/span><\/h5><p>Je vous accompagne tout au long de votre parcours.<\/p><p>Avant l\u2019entr\u00e9e en formation, mon r\u00f4le :<\/p><p>Vous aider \u00e0 faire le bon choix : entretien individuel, information sur les m\u00e9tiers et d\u00e9bouch\u00e9s, v\u00e9rification des pr\u00e9-requis (tests \u00e9crits, atteinte du nombre d\u2019heures n\u00e9cessaires en continu ou non dans une d\u00e9marche VAE).<\/p><p>Vous aider \u00e0 constituer votre dossier de demande de prise en charge.<\/p><p>Accompagnement dans toutes les \u00e9tapes: demande d\u2019autorisation d\u2019absence, reconstitution du parcours professionnel, \u00e9laboration de votre projet professionnel et motivations.<\/p><p>Pendant la formation, mon r\u00f4le :<\/p><ul><li>Vous pr\u00e9parer dans les meilleures conditions en mettant \u00e0 votre disposition des moyens humains et mat\u00e9riels ad\u00e9quats.<\/li><li>Vous apporter une \u00e9coute active et un programme personnalis\u00e9 visant \u00e0 optimiser l\u2019apprentissage.<\/li><li>Vous donner des outils compl\u00e9mentaires pour r\u00e9ussir:<\/li><li>Suivi individualis\u00e9 \u00e0 l\u2019utilisation des outils de bureautique, internet.<\/li><li>Soutien p\u00e9dagogique.<\/li><li>Ateliers de m\u00e9thodologie (Mieux s\u2019organiser, Prise de note, G\u00e9rer son stress\u2026).<\/li><li>Ateliers de techniques de recherche d\u2019emploi (dans le cadre de demandeur d\u2019emploi)<\/li><li>Soutien psychologique.<\/li><\/ul><p>En compl\u00e9ment, dans le cadre d\u2019une VAE :<\/p><ul><li>Engager avec le b\u00e9n\u00e9ficiaire une relation qui lui permette d&rsquo;\u00eatre un acteur volontaire et responsable de sa d\u00e9marche VAE et formaliser celle-ci dans le cadre d&rsquo;une convention r\u00e9glementaire.<\/li><li>L&rsquo;informer de fa\u00e7on claire et pr\u00e9cise sur l\u2019accompagnement VAE, les m\u00e9thodes et les outils utilis\u00e9s, le d\u00e9roulement de la VAE, l&rsquo;aider \u00e0 pr\u00e9ciser ses motivations, ses attentes, v\u00e9rifier avec lui l\u2019opportunit\u00e9 de la d\u00e9marche.<\/li><li>Mettre en \u0153uvre des m\u00e9thodes et des outils adapt\u00e9s aux objectifs du b\u00e9n\u00e9ficiaire et assurer un nombre suffisant d&rsquo;heures d&rsquo;entretien individuel en pr\u00e9sentiel ou par l\u2019interm\u00e9diaire des Nouvelles Technologies Informatiques de communication.<\/li><li>Aider le b\u00e9n\u00e9ficiaire \u00e0 identifier ses acquis et ses caract\u00e9ristiques personnelles et professionnelles sous une forme d\u2019employabilit\u00e9 sur le march\u00e9 du travail.<\/li><li>Faciliter son information sur les r\u00e9f\u00e9rentiels de comp\u00e9tences gr\u00e2ce \u00e0 des personnes et des lieux ressources. <br \/>L&rsquo;article 41 cr\u00e9e en outre un R\u00e9pertoire national des certificats professionnels (RNCP) dont l&rsquo;objectif est d&rsquo;accro\u00eetre la lisibilit\u00e9 et la coh\u00e9rence des certifications professionnelles quelle que soit leur forme, soit en date du 12 mai 2021, 18 482 certifications dont 4 957 actives homologu\u00e9es par l\u2019\u00e9tat.<\/li><li>Aider le b\u00e9n\u00e9ficiaire \u00e0 remplir le livret N\u00b01 appel\u00e9 \u00ab livret de recevabilit\u00e9 \u00bb et le livret N\u00b02 appel\u00e9 \u00ab dossier final \u00bb \u00e0 pr\u00e9senter devant le jury conforme aux indications r\u00e9glementaires.<\/li><li>Pr\u00e9parer le b\u00e9n\u00e9ficiaire \u00e0 l\u2019entretien qui aura lieu devant le jury pour la validation en partie ou partielle du dipl\u00f4me vis\u00e9.<\/li><li>Respecter la r\u00e9glementation relative \u00e0 la d\u00e9marche VAE et notamment la confidentialit\u00e9 des informations communiqu\u00e9es.<\/li><\/ul><p>A l\u2019issue de la formation, mon r\u00f4le:<\/p><ul><li>Dans le cadre de recherche d\u2019emploi, vous aider dans votre retour \u00e0 l\u2019emploi (ateliers de recherche d\u2019emploi, transmission d\u2019offres d\u2019emploi et mise en relation avec les entreprises).<\/li><li>Dans le cadre d\u2019une Validation des Acquis de l\u2019Exp\u00e9rience, r\u00e9aliser un d\u00e9briefing sur l\u2019ensemble de la d\u00e9marche VAE (au-del\u00e0 du Jury).<\/li><\/ul>\t\t\t\t\t\t\t\t<\/div>\n\t\t\t\t<\/div>\n\t\t\t\t\t<\/div>\n\t\t<\/div>\n\t\t\t\t\t<\/div>\n\t\t<\/section>\n\t\t\t\t<section class=\"elementor-section elementor-top-section elementor-element elementor-element-525ccc4 elementor-section-boxed elementor-section-height-default elementor-section-height-default\" data-id=\"525ccc4\" data-element_type=\"section\">\n\t\t\t\t\t\t<div class=\"elementor-container elementor-column-gap-default\">\n\t\t\t\t\t<div class=\"elementor-column elementor-col-100 elementor-top-column elementor-element elementor-element-7090714\" data-id=\"7090714\" data-element_type=\"column\">\n\t\t\t<div class=\"elementor-widget-wrap elementor-element-populated\">\n\t\t\t\t\t\t<div class=\"elementor-element elementor-element-ad17d21 elementor-invisible elementor-widget elementor-widget-image\" data-id=\"ad17d21\" data-element_type=\"widget\" data-settings=\"{&quot;_animation&quot;:&quot;zoomIn&quot;}\" data-widget_type=\"image.default\">\n\t\t\t\t<div class=\"elementor-widget-container\">\n\t\t\t\t\t\t\t\t\t\t\t\t<figure class=\"wp-caption\">\n\t\t\t\t\t\t\t\t\t\t\t<a href=\"https:\/\/mariabrun.fr\/wp-content\/uploads\/2022\/04\/CHARTE-DE-DEONTOLOGIE-Maria-BRUN.pdf\" target=\"_blank\">\n\t\t\t\t\t\t\t<img fetchpriority=\"high\" decoding=\"async\" width=\"300\" height=\"256\" src=\"https:\/\/mariabrun.fr\/wp-content\/uploads\/2022\/04\/Image-Charte-PDF-300x256.png\" class=\"attachment-medium size-medium wp-image-1648\" alt=\"\" srcset=\"https:\/\/mariabrun.fr\/wp-content\/uploads\/2022\/04\/Image-Charte-PDF-300x256.png 300w, https:\/\/mariabrun.fr\/wp-content\/uploads\/2022\/04\/Image-Charte-PDF.png 500w\" sizes=\"(max-width: 300px) 100vw, 300px\" \/>\t\t\t\t\t\t\t\t<\/a>\n\t\t\t\t\t\t\t\t\t\t\t<figcaption class=\"widget-image-caption wp-caption-text\">Consultez la charte au format PDF<\/figcaption>\n\t\t\t\t\t\t\t\t\t\t<\/figure>\n\t\t\t\t\t\t\t\t\t<\/div>\n\t\t\t\t<\/div>\n\t\t\t\t\t<\/div>\n\t\t<\/div>\n\t\t\t\t\t<\/div>\n\t\t<\/section>\n\t\t\t\t<\/div>\n\t\t","protected":false},"excerpt":{"rendered":"<p>Mes engagements Je m\u2019engage \u00e0 mettre en place avec vous une relation qui vous permette d&rsquo;\u00eatre un acteur volontaire et responsable de votre d\u00e9marche, de vous informer de fa\u00e7on claire et pr\u00e9cise sur l\u2019accompagnement VAE, les m\u00e9thodes et les outils utilis\u00e9s, le d\u00e9roulement de la VAE, de vous aider \u00e0 pr\u00e9ciser vos motivations, vos attentes [&hellip;]<\/p>\n","protected":false},"author":1,"featured_media":0,"parent":0,"menu_order":0,"comment_status":"closed","ping_status":"closed","template":"","meta":{"om_disable_all_campaigns":false,"_monsterinsights_skip_tracking":false,"_monsterinsights_sitenote_active":false,"_monsterinsights_sitenote_note":"","_monsterinsights_sitenote_category":0,"footnotes":""},"class_list":["post-1804","page","type-page","status-publish","hentry"],"aioseo_notices":[],"_links":{"self":[{"href":"https:\/\/mariabrun.fr\/index.php?rest_route=\/wp\/v2\/pages\/1804","targetHints":{"allow":["GET"]}}],"collection":[{"href":"https:\/\/mariabrun.fr\/index.php?rest_route=\/wp\/v2\/pages"}],"about":[{"href":"https:\/\/mariabrun.fr\/index.php?rest_route=\/wp\/v2\/types\/page"}],"author":[{"embeddable":true,"href":"https:\/\/mariabrun.fr\/index.php?rest_route=\/wp\/v2\/users\/1"}],"replies":[{"embeddable":true,"href":"https:\/\/mariabrun.fr\/index.php?rest_route=%2Fwp%2Fv2%2Fcomments&post=1804"}],"version-history":[{"count":40,"href":"https:\/\/mariabrun.fr\/index.php?rest_route=\/wp\/v2\/pages\/1804\/revisions"}],"predecessor-version":[{"id":1860,"href":"https:\/\/mariabrun.fr\/index.php?rest_route=\/wp\/v2\/pages\/1804\/revisions\/1860"}],"wp:attachment":[{"href":"https:\/\/mariabrun.fr\/index.php?rest_route=%2Fwp%2Fv2%2Fmedia&parent=1804"}],"curies":[{"name":"wp","href":"https:\/\/api.w.org\/{rel}","templated":true}]}}